-15. Let k be 30*p/4 + 3. What is the highest common factor of 27 and k?
9
Let s(o) = -o**2 - 6*o - 1. Let l be s(-3). Let g(q) = -35*q - 3. Let i be g(-1). Calculate the greatest common factor of l and i.
8
Suppose -4*k - 4*c + 431 = -3*c, -2*c = -5*k + 542. What is the highest common factor of 12 and k?
12
Let n be 3/(-9) - (-106)/3. Let m = 45 + n. Let d(u) = u**2 + 4*u + 5. Let i be d(-5). Calculate the highest common factor of i and m.
10
Let t = -14 - -17. Suppose t*h + 48 = 5*h. Suppose -6*p + 18 = -3*p. What is the highest common factor of p and h?
6
Let x be (6/(-4))/((-9)/240). Suppose 2*w - 23 = 9. Calculate the greatest common divisor of w and x.
8
Suppose -5*g + 3*i + 312 = 28, 3*g + 2*i = 178. Suppose -32 = -5*u + g. What is the highest common divisor of u and 12?
6
Suppose 1 + 3 = -2*n. Let l be 6/3 - n/1. Suppose -3*u = -l*s - 92, -u - 2*u - s = -67. Calculate the greatest common divisor of u and 3.
3
Let s = -12 + 21. Suppose 0 = -y + 28 + 17. Calculate the highest common divisor of y and s.
9
Let i be (-8)/(-12) + 680/6. Suppose 3*j = -3*j + i. Calculate the highest common factor of 152 and j.
19
Suppose 20 = 5*k, 2*k + 92 = 3*f + 7*k. Suppose 0 = 3*y - y - f. What is the greatest common divisor of y and 6?
6
Let v(s) be the first derivative of s**4/4 + 7*s**3/3 - s**2 - 7. Let i be v(-7). Calculate the highest common factor of i and 70.
14
Suppose 4*r - 16 = 8. What is the greatest common divisor of r and 12?
6
Let q(c) = -5*c + c**2 + 3*c**2 - c**3 + 1 + 4*c. Let s be q(3). What is the greatest common divisor of s and 56?
7
Suppose -18 = -16*z + 13*z. What is the greatest common divisor of 9 and z?
3
Suppose 3*j - 21 + 0 = 0. What is the greatest common divisor of 21 and j?
7
Let a be (-69)/(-12) - (-2)/8. Suppose a = 3*p - 3. Suppose p*i - 114 = -15. What is the highest common divisor of i and 3?
3
Let m = -96 + 163. Let h = m - 17. Let r be (1 + 1)/2*h. What is the greatest common divisor of 10 and r?
10
Let o = 12 - 4. Let c = 3 + -2. What is the greatest common divisor of c and o?
1
Let c = -57 - -93. Suppose -5*u + 2*l + 82 = -0*l, -5*l - 16 = -2*u. What is the highest common factor of c and u?
18
Let m(n) = 17*n - 14. Let v be m(6). What is the greatest common divisor of 11 and v?
11
Let o(j) = j**3 - 2*j**2 + j. Let n be o(2). Suppose -n*f = s, f + 40 = 3*s - f. Let v = -47 + 67. Calculate the highest common factor of s and v.
10
Let p be (4 + 1)/(2 + -1). Let r(t) = -t**2 + 6*t - 7. Let b be r(p). Let i = 6 + b. What is the highest common divisor of 16 and i?
4
Suppose -29 = -s + 3*o + 40, 20 = -4*o. What is the highest common divisor of s and 81?
27
Let o be 0 + (1 - 0) + 1. Suppose 6*f = o*f. Suppose f*m + 12 = m. Calculate the greatest common divisor of m and 12.
12
Let h be ((-6)/(-4))/(3/20). Let l be (h/(-6))/((-2)/48). Let n = l - 24. What is the greatest common factor of n and 2?
2
Suppose 4*c - 6*c + 31 = 3*l, -4*c + l + 55 = 0. Let z = 59 + 67. What is the highest common factor of z and c?
14
Let x be (36/15)/(6/20). Let a = 11 - x. Suppose 0*t = -a*t + 54. What is the highest common factor of t and 2?
2
Suppose -4*r = -4*g - 324, -2*r + 0*g + 4*g = -168. Calculate the greatest common factor of r and 52.
26
Let c = 131 + -80. What is the greatest common factor of c and 17?
17
Let m(x) = -x**2 + x + 1. Let h(s) = 6*s**2 - 10*s - 13. Let r(g) = -2*h(g) - 22*m(g). Let i be r(3). What is the highest common divisor of 22 and i?
22
Suppose -2 - 4 = -2*n. Let s be (1 + -2)*(-9)/3. What is the highest common divisor of n and s?
3
Let f be (6 + -1)/((-10)/(-4)). Suppose f*g = j + 3*g - 15, 5*g + 69 = 4*j. What is the greatest common factor of 4 and j?
4
Let d = 102 - 79. What is the highest common factor of 23 and d?
23
Let l(r) = -r**2 - 2*r**2 + 9 - 7*r + 0*r**2 + r**3. Let s be l(6). Suppose 2*c = -n - n + 84, n + s = 2*c. What is the highest common divisor of c and 26?
13
Let q = 17 + 1. What is the highest common divisor of q and 108?
18
Let o be 10/35 - 82/(-7). Let w be (-9)/o + (-14)/(-8). Calculate the greatest common divisor of 5 and w.
1
Suppose 0 = 6*l - 295 - 215. Calculate the greatest common divisor of l and 17.
17
Let o(q) = q**2 - 8*q - 7. Let f be o(9). Calculate the highest common factor of f and 1.
1
Let b be (7 - 6)/(2/182). What is the highest common divisor of b and 13?
13
Let y be 57/3 - 2/2. Calculate the greatest common factor of y and 45.
9
Suppose -m = 3*m - 728. Suppose -m = -5*v - 7. Let x be (12/(-15))/((-2)/v). What is the greatest common factor of x and 98?
14
Suppose -r = 2, r = -3*h - r + 584. What is the greatest common factor of 28 and h?
28
Suppose 4 = o + x, 3*o = -0*x + 5*x + 36. What is the highest common factor of 28 and o?
7
Let u(k) = 4*k**2 - 6*k + 2. Let x be u(5). Suppose 16 = -4*w, 5*l - 5*w - 18 = 2. Suppose i - 3*i + x = l. Calculate the highest common divisor of i and 6.
6
Let g(o) = 64 - 7*o**2 + o + o**3 + 6*o - 73. Let f be g(7). Calculate the greatest common divisor of 10 and f.
10
Let k(g) = g**3 + 6*g**2 + 4*g - 3. Let d be k(-5). Let n be (-356)/d*21/6. Let u be (-2)/(-12) + n/(-6). What is the greatest common divisor of 13 and u?
13
Let t be -1 - (-5 + 1 + -1). Let o be 14/4 + (-2)/t. Suppose 3 = 3*z, -o*c = -4*z - 32 - 48. Calculate the highest common factor of c and 42.
14
Let i(y) be the third derivative of -y**4/4 - y**3/2 - 3*y**2. Let n be i(-4). Let c = 5 + 9. What is the greatest common factor of c and n?
7
Suppose 3*t = -0*t - 5*s + 280, -364 = -4*t - 2*s. What is the highest common divisor of t and 10?
10
Let n = 8 + -6. Let l(b) = b**2 + b - 2. Let w be l(4). What is the greatest common factor of n and w?
2
Suppose n = -2*i + 8, -i + n + 7 = 2*i. Calculate the highest common divisor of i and 6.
3
Suppose 3*w + 6 - 24 = 0. Suppose 0*i + i - w = -2*c, 4*c = 8. Calculate the greatest common divisor of 10 and i.
2
Let b(z) = -5 + 5*z + 4 + 3*z. Let x be b(1). Suppose -2*o = 2*s - 114, -s - o - 4*o = -61. What is the greatest common factor of s and x?
7
Let w = -13 - -28. Let g be -4*2/(-8)*1. Suppose 2*y = t + 3, -3*y + 8 - g = -t. Calculate the greatest common factor of w and t.
5
Let p be (585/(-10))/(-9)*4. What is the highest common factor of 91 and p?
13
Suppose 5*n + 4*d - 1895 = 2*n, -3*n - d = -1880. Suppose -5*o = 2*b - 215, 0 = -5*b + 4*o + o + n. Calculate the greatest common factor of 24 and b.
24
Suppose -2*l = -25 - 29. Calculate the greatest common factor of l and 18.
9
Let n be (2 + -1 + 0)*0. Suppose -q - 3*q = n. Let m be (q - -20) + 1 + -1. What is the greatest common factor of m and 100?
20
Suppose 0 = -2*m - m - 12. Let j = m + 8. What is the highest common divisor of j and 4?
4
Let g = 9 + -5. What is the greatest common divisor of 32 and g?
4
Suppose t = 3*t - 46. Calculate the greatest common factor of 23 and t.
23
Suppose -4*g + 1 + 7 = 0. Let c be (-1 - 3/6)*g. Let m(a) = 9*a**2 + a + 2. Let u be m(c). What is the greatest common factor of 10 and u?
10
Let o(n) = -2*n - 4. Let x be o(8). Let i = 31 + x. Let m = 271 - 150. Calculate the highest common factor of i and m.
11
Let q be (0 - -2)*(-5)/(-1). Let c(l) = 2*l + 6. Let h be c(q). Let k(t) = t**3 + 7*t**2 + 3. Let s be k(-6). Calculate the highest common divisor of h and s.
13
Suppose 6*u = 8*u - 68. What is the highest common divisor of u and 34?
34
Let d(m) = m + 2. Let y(w) = w**2 + 5*w. Let r be y(-5). Let l be d(r). Calculate the greatest common divisor of 6 and l.
2
Let k = 2 + -1. Let m be (-18)/4*(k - 3). Suppose m = l - 4*c, 2*l + 3*c - 29 = -0*c. What is the greatest common divisor of 39 and l?
13
Let z(v) = -v**3 + 4*v**2 - 4*v**2 - 2. Suppose -4*n = 5*b - 0*b + 6, b = -2*n. Let o be z(b). What is the highest common factor of 9 and o?
3
Let n be 28/35*(-7)/(14/(-400)). Calculate the highest common divisor of 20 and n.
20
Let c be 3*(68/3)/1. Let m(j) = 17*j - 2. Let y be m(-2). Let k = c - y. Calculate the highest common factor of 13 and k.
13
Let n be -4 + 9 + 41 - -2. What is the greatest common divisor of 60 and n?
12
Let i(y) = 2*y**3 - 2*y**2 - 4*y + 5. Let l be i(4). What is the highest common divisor of 17 and l?
17
Let k(r) = -r**3 + 7*r**2 + 4*r - 14. Suppose 2*v + 5 = 19. Let a be k(v). What is the highest common factor of 112 and a?
14
Let c be